1. What are the prime factors of w?
2, 7
Let u = -91 + 176. List the prime factors of u.
5, 17
Let b(s) be the second derivative of -s**5/20 + s**4/2 + s**3/6 + 2*s**2 + 3*s. Let o be b(6). Suppose 0 = -3*m + o + 2. What are the prime factors of m?
2
Suppose 0 = 3*j + 12, j = 2*y + 3 - 9. Let b = 15 - y. List the prime factors of b.
2, 7
Let z(n) = -7*n - 1 + 23*n**2 + 7*n. What are the prime factors of z(1)?
2, 11
Suppose -5*r + 4*n = -238, 2*r - 114 = -5*n + 1. What are the prime factors of r?
2, 5
Let f(s) = 3*s + 17. Let p(a) = -a**2 + 5*a + 6. Let q be p(5). What are the prime factors of f(q)?
5, 7
Suppose -18 = -2*i - 2. Let t = i - 5. What are the prime factors of t?
3
Let l be -32*((-8)/4)/4. Let z = l + -12. List the prime factors of z.
2
Let g(k) = k**3 - 5*k**2 - 5*k - 3. Let y(v) = -v**2 - 6*v + 1. Let j be y(-5). List the prime factors of g(j).
3
Let o = 157 + -17. What are the prime factors of o?
2, 5, 7
Let z(g) be the second derivative of 0 - 2*g + 5/12*g**4 + 1/6*g**3 + 1/20*g**5 + 0*g**2. What are the prime factors of z(-4)?
2, 3
Suppose 5*m - 2*o + o - 248 = 0, -3*m = o - 144. List the prime factors of m.
7
Let u be 3/3 - 2 - -26. Suppose u = 5*f + 2*y - 4*y, y = -5*f + 10. Suppose f*h = -h + 28. What are the prime factors of h?
7
Suppose 0 = -2*x - 4*g + 12, 4*x + g - 9 = 1. Suppose 0 = 3*u - 23 + x. What are the prime factors of u?
7
What are the prime factors of (-264 + -14)/(1 - (-10)/(-6))?
3, 139
Suppose -5*w + 4 = -1. Let j be (-1)/((-8)/6 + w). Let g(t) = 2*t**2 - 4*t + 4. What are the prime factors of g(j)?
2, 5
Let q = 3 + -1. Suppose 0 = -4*r - p + 56, -5*r - 5*p + q*p = -70. What are the prime factors of r?
2, 7
Suppose 4*b = 3*q - 6, 2*b - 2*q + 4 = -0. Let y = 33 + -23. Let u = y + b. What are the prime factors of u?
2, 5
Suppose -3*r - 42 = 3*w, -2*r + 6*r + 5*w + 61 = 0. Let d = -4 - r. List the prime factors of d.
5
Let s = 1 + 1. List the prime factors of (1 + 3/2)*s.
5
Let a(z) = -z**2 + 6*z + 7. Suppose 0 = 2*c - 0*c - 14. Let b be a(c). Suppose 2*u + 1 - 2 = -o, -2*o + u + 27 = b. List the prime factors of o.
11
Suppose 0 = 2*l - 2*b - 12, -l + 5*b = b - 15. Suppose 2*j = l + 43. List the prime factors of j.
23
Suppose 2 = -3*h - x - x, h + 12 = 5*x. Let y(t) = -t**3 + t**2 + t + 2. Let d be y(h). Suppose -d + 1 = -z. What are the prime factors of z?
11
Let m = 19 + -13. Suppose 0 = -5*s - 29 - m. Let h = 22 + s. What are the prime factors of h?
3, 5
Let n be (2/2 - 4)*1. What are the prime factors of 10/n*(-1 - 2)?
2, 5
List the prime factors of (-8 + -2)/(2/(-14)).
2, 5, 7
Let p(k) = -7*k - 53. List the prime factors of p(-18).
73
Suppose 0 = -5*o - 2*q + 116, -4*q = -2*o - 26 + 82. What are the prime factors of o?
2, 3
Let h be (0 - 16/3)*-12. Suppose -2*j - h = -5*z - 10, 3 = j. List the prime factors of z.
2, 3
Suppose -3*l = 2*b - 229, 5*b = -3*l - 0*b + 244. What are the prime factors of l?
73
Suppose 10 = 4*l + 2. Suppose 3*q - 70 = -l*q. List the prime factors of q.
2, 7
Suppose 3*d + 1207 = -2*m, -5*d - 4*m - 2005 = m. What are the prime factors of 20/110 - d/11?
37
Let m(h) = 2*h**2 - 9*h + 8. Suppose 4 = 3*t - 11. What are the prime factors of m(t)?
13
Let q(k) = -k**2 + k + 3. Let r be q(3). Let o = r + 5. Suppose -2 = o*z - 8. What are the prime factors of z?
3
Let g(i) = i**2 - 7*i + 6. Suppose t + 39 = 5*k, -4*k = -0*k + 2*t - 20. What are the prime factors of g(k)?
2, 3
Suppose 613 = 4*u - 123. What are the prime factors of u?
2, 23
Let d = 1 + 1. Suppose -15 = -z - d*z + 3*t, -3*z - t = 5. List the prime factors of 2/5*(5 - z).
2
Suppose -137*v + 131*v + 1638 = 0. What are the prime factors of v?
3, 7, 13
Let o be 5/(-2 - (-10)/4). Suppose -8*p + 3*p = o. What are the prime factors of (2 + -5)/(-3) - p?
3
List the prime factors of 72/54*426/4.
2, 71
Suppose 5*u - 11 - 199 = 0. Let m be (-2 + 10/4)*u. Suppose -5*n = -19 - m. What are the prime factors of n?
2
Suppose 0 = 4*j - 13 - 11. Suppose -n = -j - 0. List the prime factors of (14/6)/(2/n).
7
Suppose -116 = 3*p - 296. List the prime factors of p.
2, 3, 5
Let g be 3 + -3 + 2 + 1. Suppose -2*x + 20 = g*x. Suppose -c = x*o - 20 - 17, -5*o + 44 = -c. List the prime factors of o.
3
Suppose a - 1 + 2 = 0. Let v be (3/(-3) - 29)*a. Suppose 5*s - 2*s = 4*c + 14, 5*c = -s + v. What are the prime factors of s?
2, 5
Let f be (24/(-9))/(4/(-6)). Suppose c = f - 2. What are the prime factors of c?
2
Suppose -r = 4*r + 3*c - 2, c - 4 = 0. What are the prime factors of (-4)/r + (-12)/(-2)?
2
List the prime factors of (6 - 4)*2 + 4.
2
Let x be (24/(-20))/((-3)/50). Suppose y - x = 5*y. Let h = y - -12. List the prime factors of h.
7
Suppose -h + 25 + 0 = 0. List the prime factors of h.
5
Suppose t - 2*t = -17. What are the prime factors of t?
17
Suppose 41 = 2*v - q, q = -4*q + 15. List the prime factors of v.
2, 11
Let i(p) = -p - 4. Let n be i(-4). Suppose 5*t - 110 - 25 = n. Suppose -9 = -4*s + t. What are the prime factors of s?
3
Let k(g) = 6 - g - 5 + 1 + 1. List the prime factors of k(-5).
2
Let r be (1 + -1)*1/2. Suppose p - 72 + 10 = r. Let x = -41 + p. What are the prime factors of x?
3, 7
Let v be (-5)/(40/(-42))*12. Suppose 3*l = -w + 9 + 22, -5*l + v = -4*w. List the prime factors of l.
11
Let w(c) be the third derivative of -c**5/60 + 3*c**4/8 - c**3/6 + 6*c**2. List the prime factors of w(6).
17
List the prime factors of (1 - 4/12)*6.
2
Suppose 2*i + 4*k - 208 + 16 = 0, -2*k = -4*i + 354. What are the prime factors of i?
2, 3, 5
Let x = 8 + -7. Suppose x = 2*z - 7. What are the prime factors of z?
2
Suppose -66*r = -69*r + 81. What are the prime factors of r?
3
Let o = 79 - 42. What are the prime factors of o?
37
Let v = -16 - -28. Suppose v + 3 = f. What are the prime factors of f?
3, 5
Suppose 4*j - 110 = 50. Suppose 0 = -2*s - 2*c + 28, 3*s - j + 8 = -c. What are the prime factors of s?
3
Let s = -113 - -164. What are the prime factors of s?
3, 17
Let l(a) = a**3 + 2*a**2 - 3*a. Let y = -2 - -4. List the prime factors of l(y).
2, 5
Let u = 150 - -140. What are the prime factors of u?
2, 5, 29
Let g be (-70)/21*(-6)/5. Suppose 0*d - 4*k + 68 = g*d, -5*d = -4*k - 103. List the prime factors of d.
19
What are the prime factors of (6/6)/(2/188)?
2, 47
Let m = -241 + 400. Suppose u = 3*f - 93, -3*u = -5*f - 0*u + m. Suppose f = 2*s - 4*i, 2*s - 6*s + 2*i = -54. What are the prime factors of s?
13
Let i = -2 - -26. What are the prime factors of i?
2, 3
Let o(j) = -j**3 + 15*j**2 - 16*j - 18. List the prime factors of o(13).
2, 7
Let n(c) = c. Let d be n(4). Suppose 5*o + d = 7*o. What are the prime factors of o/(-6) - (-175)/21?
2
Suppose -2*w - 10 = 0, 2*r - 9 = 3*r + 2*w. List the prime factors of 2/r + 8 + -7.
3
Let w(y) = -4*y - 4*y - 3 - 3 + 4*y. Let j be w(-6). Let u = -5 + j. List the prime factors of u.
13
Let l(r) = 0*r - 1 + 0 - 4*r. Suppose -7*b - 12 = -b. List the prime factors of l(b).
7
Let y = 4 + -6. Let c be 0 - (-3 - 1*y). Let v(h) = h**3 + 2*h - 1. List the prime factors of v(c).
2
Suppose 0*j - c - 1 = -j, -c - 4 = -4*j. What are the prime factors of (2/4*34)/j?
17
Suppose -v = -13 - 129. What are the prime factors of v?
2, 71
Let j(n) = -n**3 + 6*n**2 + 7*n + 2. Let w(y) = -2*y - 1. Let m be w(-4). Let o be j(m). Suppose o*k = 2 + 4. List the prime factors of k.
3
What are the prime factors of (-15)/6 - (-372)/8?
2, 11
Suppose -n = 2*n - 201. Suppose 0 = 3*f + 2*f + 4*w - n, f - 5*w = -4. What are the prime factors of f?
11
Suppose 0 = j + d - 10, 2*j = -3*j + 3*d + 82. Let r = j + -10. List the prime factors of r.
2
Let w(j) = j**3 + 5*j**2 - 7*j - 2. List the prime factors of w(-6).
2
Suppose 0 = 6*d - 3*d - 12. Suppose -d*c + 2*c = 0. Suppose -2*b = -c*v + 3*v - 6, -5*v = b + 11. List the prime factors of b.
3
List the prime factors of 267/3 - 2/(-1).
7, 13
What are the prime factors of (-255)/(-2) + (-5)/(-10)?
2
Let q be (-45)/12 + 6/8. Let i be (-2)/6 - 1/q. Suppose i = -m - 5*b + 37, -2*m - 5*b = -5*m + 31. What are the prime factors of m?
17
Suppose -3*z = -4*h + h - 384, -4*z + 497 = -h. Suppose v - z = -2*v. List the prime factors of v.
41
Let i = -7 + 16. Suppose i = 3*z - 18. What are the prime factors of z?
3
Let g(i) = i**2 - 4*i - 3. Let r be g(5). Let v be 2/8 - (-7)/4. Suppose -v = -r*u, -5*u -